{"id":23558,"date":"2026-09-03T18:37:27","date_gmt":"2026-09-03T21:37:27","guid":{"rendered":"https:\/\/ventadelibros.com.ar\/?product=vida-despues-de-entender-la-ansiedad-la"},"modified":"2026-09-03T18:37:32","modified_gmt":"2026-09-03T21:37:32","slug":"vida-despues-de-entender-la-ansiedad-la","status":"publish","type":"product","link":"https:\/\/ventadelibros.com.ar\/?product=vida-despues-de-entender-la-ansiedad-la","title":{"rendered":"VIDA DESPUES DE ENTENDER LA ANSIEDAD, LA"},"content":{"rendered":"<p>A partir de su experiencia como psic\u00f3loga y de una b\u00fasqueda personal, Sof\u00eda Calvo propone una manera distinta de pensar la ansiedad: dejar de verla como una enemiga para reconocerla como una se\u00f1al que merece ser escuchada.<br \/>\nUna reflexi\u00f3n sobre el malestar de nuestro tiempo para dejar de confundir sobrevivir con vivir.<\/p>\n<p>&#8220;La ansiedad, en cualquiera de sus manifestaciones, no deja de ser una se\u00f1al. Algo nos est\u00e1 diciendo. Y escucharla es el primer paso para poder hacer algo distinto con eso&#8221;.<\/p>\n<p>Nos acostumbramos a pensar de m\u00e1s, a sentir culpa cuando descansamos, a mirar el celular todo el tiempo, a vivir pendientes de lo que falta y de lo que podr\u00eda salir mal. El cansancio, la preocupaci\u00f3n constante, el miedo a decepcionar o la sensaci\u00f3n de no llegar nunca nos parecen una forma normal de estar en el mundo. \u00bfY si esa ansiedad no fuera el problema, sino una se\u00f1al? Sof\u00eda Calvo, psic\u00f3loga y una de las divulgadoras de salud mental m\u00e1s influyentes de la actualidad, re\u00fane experiencias personales, casos cl\u00ednicos, y toma herramientas del psicoan\u00e1lisis y la filosof\u00eda para responder una pregunta fundamental: \u00bfqu\u00e9 cosas dejamos de ver cuando nos acostumbramos al malestar? En esa b\u00fasqueda, explora qu\u00e9 es la ansiedad, de d\u00f3nde nace y qu\u00e9 intenta decirnos cuando aparece, revelando historias, deseos y formas de vida que aprendimos a naturalizar aunque nos hagan da\u00f1o. Este libro pone el foco en los modos en que se manifiesta, como en el amor, la familia, el trabajo, el dinero, las redes sociales y los mandatos de felicidad, para entender por qu\u00e9 vivimos m\u00e1s acelerados y lejos de nosotros mismos. Hay dolores que regresan hasta encontrar palabras para definirlos. Es entonces cuando la vida tambi\u00e9n puede tomar un camino distinto.<\/p>\n","protected":false},"excerpt":{"rendered":"<p>A partir de su experiencia como psic\u00f3loga y de una b\u00fasqueda personal, Sof\u00eda Calvo propone una manera distinta de pensar la ansiedad: dejar de verla como una enemiga para reconocerla como una se\u00f1al que merece ser escuchada. Una reflexi\u00f3n sobre el malestar de nuestro tiempo para dejar de confundir sobrevivir con vivir. &#8220;La ansiedad, en&#8230;<\/p>\n","protected":false},"featured_media":23559,"template":"","meta":{"_acf_changed":false,"_themeisle_gutenberg_block_has_review":false,"_kadence_starter_templates_imported_post":false,"_kad_post_transparent":"","_kad_post_title":"","_kad_post_layout":"","_kad_post_sidebar_id":"","_kad_post_content_style":"","_kad_post_vertical_padding":"","_kad_post_feature":"","_kad_post_feature_position":"","_kad_post_header":false,"_kad_post_footer":false,"_kad_post_classname":""},"product_brand":[],"product_cat":[7395,7412],"product_tag":[7895,7884],"class_list":["post-23558","product","type-product","status-publish","has-post-thumbnail","product_cat-no-ficcion","product_cat-psicologia","product_tag-no-ficcion","product_tag-psicologia","pa_autor-calvo-sofia","pa_editorial-grijalbo","pa_idioma-espanol","first","instock","purchasable","product-type-simple","entry","content-bg","loop-entry"],"acf":[],"_links":{"self":[{"href":"https:\/\/ventadelibros.com.ar\/index.php?rest_route=\/wp\/v2\/product\/23558","targetHints":{"allow":["GET"]}}],"collection":[{"href":"https:\/\/ventadelibros.com.ar\/index.php?rest_route=\/wp\/v2\/product"}],"about":[{"href":"https:\/\/ventadelibros.com.ar\/index.php?rest_route=\/wp\/v2\/types\/product"}],"wp:featuredmedia":[{"embeddable":true,"href":"https:\/\/ventadelibros.com.ar\/index.php?rest_route=\/wp\/v2\/media\/23559"}],"wp:attachment":[{"href":"https:\/\/ventadelibros.com.ar\/index.php?rest_route=%2Fwp%2Fv2%2Fmedia&parent=23558"}],"wp:term":[{"taxonomy":"product_brand","embeddable":true,"href":"https:\/\/ventadelibros.com.ar\/index.php?rest_route=%2Fwp%2Fv2%2Fproduct_brand&post=23558"},{"taxonomy":"product_cat","embeddable":true,"href":"https:\/\/ventadelibros.com.ar\/index.php?rest_route=%2Fwp%2Fv2%2Fproduct_cat&post=23558"},{"taxonomy":"product_tag","embeddable":true,"href":"https:\/\/ventadelibros.com.ar\/index.php?rest_route=%2Fwp%2Fv2%2Fproduct_tag&post=23558"}],"curies":[{"name":"wp","href":"https:\/\/api.w.org\/{rel}","templated":true}]}}

<p>A partir de su experiencia como psicóloga y de una búsqueda personal, Sofía Calvo propone una manera distinta de pensar la ansiedad: dejar de verla como una enemiga para reconocerla como una señal que merece ser escuchada.<br />
Una reflexión sobre el malestar de nuestro tiempo para dejar de confundir sobrevivir con vivir.</p>
<p>&#8220;La ansiedad, en cualquiera de sus manifestaciones, no deja de ser una señal. Algo nos está diciendo. Y escucharla es el primer paso para poder hacer algo distinto con eso&#8221;.</p>
<p>Nos acostumbramos a pensar de más, a sentir culpa cuando descansamos, a mirar el celular todo el tiempo, a vivir pendientes de lo que falta y de lo que podría salir mal. El cansancio, la preocupación constante, el miedo a decepcionar o la sensación de no llegar nunca nos parecen una forma normal de estar en el mundo. ¿Y si esa ansiedad no fuera el problema, sino una señal? Sofía Calvo, psicóloga y una de las divulgadoras de salud mental más influyentes de la actualidad, reúne experiencias personales, casos clínicos, y toma herramientas del psicoanálisis y la filosofía para responder una pregunta fundamental: ¿qué cosas dejamos de ver cuando nos acostumbramos al malestar? En esa búsqueda, explora qué es la ansiedad, de dónde nace y qué intenta decirnos cuando aparece, revelando historias, deseos y formas de vida que aprendimos a naturalizar aunque nos hagan daño. Este libro pone el foco en los modos en que se manifiesta, como en el amor, la familia, el trabajo, el dinero, las redes sociales y los mandatos de felicidad, para entender por qué vivimos más acelerados y lejos de nosotros mismos. Hay dolores que regresan hasta encontrar palabras para definirlos. Es entonces cuando la vida también puede tomar un camino distinto.</p>

<p>A partir de su experiencia como psicóloga y de una búsqueda personal, Sofía Calvo propone una manera distinta de pensar la ansiedad: dejar de verla como una enemiga para reconocerla como una señal que merece ser escuchada. Una reflexión sobre el malestar de nuestro tiempo para dejar de confundir sobrevivir con vivir. &#8220;La ansiedad, en&#8230;</p>
