{"id":23554,"date":"2026-09-03T18:36:44","date_gmt":"2026-09-03T21:36:44","guid":{"rendered":"https:\/\/ventadelibros.com.ar\/?product=un-viaje-a-salto"},"modified":"2026-09-03T18:36:47","modified_gmt":"2026-09-03T21:36:47","slug":"un-viaje-a-salto","status":"publish","type":"product","link":"https:\/\/ventadelibros.com.ar\/?product=un-viaje-a-salto","title":{"rendered":"UN VIAJE A SALTO"},"content":{"rendered":"<p>Descripci\u00f3n<br \/>\nCon una forma singular ?texto a dos voces, relato de<br \/>\nviaje, diario? Un viaje a Salto narra hechos igual de<br \/>\nextraordinarios. En los meses previos al golpe de Estado<br \/>\nde Uruguay, una ni\u00f1a y su madre viajan para ver a su<br \/>\npadre y esposo, preso pol\u00edtico por asistir como m\u00e9dico al<br \/>\nMovimiento Tupamaro.Tienen el dato de que ser\u00e1 trasladado<br \/>\nen un tren que se dirige a Salto y que esa puede ser una<br \/>\nocasi\u00f3n para verlo, sin las limitaciones de tiempo y<br \/>\nespacio que rigen las escasas visitas permitidas a la<br \/>\nc\u00e1rcel. Es por eso se lanzan a la aventura. En una parada<br \/>\nde madrugada se suben a un vag\u00f3n oscuro donde intentan<br \/>\npasar desapercibidas a la mirada de los soldados que lo<br \/>\ncustodian, disimularse entre los otros pasajeros, para<br \/>\nintentar un contacto. El tren al que se suben es tambi\u00e9n<br \/>\nel de la Historia.<\/p>\n","protected":false},"excerpt":{"rendered":"<p>Descripci\u00f3n Con una forma singular ?texto a dos voces, relato de viaje, diario? Un viaje a Salto narra hechos igual de extraordinarios. En los meses previos al golpe de Estado de Uruguay, una ni\u00f1a y su madre viajan para ver a su padre y esposo, preso pol\u00edtico por asistir como m\u00e9dico al Movimiento Tupamaro.Tienen el&#8230;<\/p>\n","protected":false},"featured_media":23555,"template":"","meta":{"_acf_changed":false,"_themeisle_gutenberg_block_has_review":false,"_kadence_starter_templates_imported_post":false,"_kad_post_transparent":"","_kad_post_title":"","_kad_post_layout":"","_kad_post_sidebar_id":"","_kad_post_content_style":"","_kad_post_vertical_padding":"","_kad_post_feature":"","_kad_post_feature_position":"","_kad_post_header":false,"_kad_post_footer":false,"_kad_post_classname":""},"product_brand":[],"product_cat":[7411,7395],"product_tag":[7976],"class_list":["post-23554","product","type-product","status-publish","has-post-thumbnail","product_cat-biografias-y-memorias","product_cat-no-ficcion","product_tag-biografias-y-memorias","pa_autor-maia-cirse","pa_editorial-las-afuerassin-validar","pa_idioma-espanol","first","instock","purchasable","product-type-simple","entry","content-bg","loop-entry"],"acf":[],"_links":{"self":[{"href":"https:\/\/ventadelibros.com.ar\/index.php?rest_route=\/wp\/v2\/product\/23554","targetHints":{"allow":["GET"]}}],"collection":[{"href":"https:\/\/ventadelibros.com.ar\/index.php?rest_route=\/wp\/v2\/product"}],"about":[{"href":"https:\/\/ventadelibros.com.ar\/index.php?rest_route=\/wp\/v2\/types\/product"}],"wp:featuredmedia":[{"embeddable":true,"href":"https:\/\/ventadelibros.com.ar\/index.php?rest_route=\/wp\/v2\/media\/23555"}],"wp:attachment":[{"href":"https:\/\/ventadelibros.com.ar\/index.php?rest_route=%2Fwp%2Fv2%2Fmedia&parent=23554"}],"wp:term":[{"taxonomy":"product_brand","embeddable":true,"href":"https:\/\/ventadelibros.com.ar\/index.php?rest_route=%2Fwp%2Fv2%2Fproduct_brand&post=23554"},{"taxonomy":"product_cat","embeddable":true,"href":"https:\/\/ventadelibros.com.ar\/index.php?rest_route=%2Fwp%2Fv2%2Fproduct_cat&post=23554"},{"taxonomy":"product_tag","embeddable":true,"href":"https:\/\/ventadelibros.com.ar\/index.php?rest_route=%2Fwp%2Fv2%2Fproduct_tag&post=23554"}],"curies":[{"name":"wp","href":"https:\/\/api.w.org\/{rel}","templated":true}]}}

<p>Descripción<br />
Con una forma singular ?texto a dos voces, relato de<br />
viaje, diario? Un viaje a Salto narra hechos igual de<br />
extraordinarios. En los meses previos al golpe de Estado<br />
de Uruguay, una niña y su madre viajan para ver a su<br />
padre y esposo, preso político por asistir como médico al<br />
Movimiento Tupamaro.Tienen el dato de que será trasladado<br />
en un tren que se dirige a Salto y que esa puede ser una<br />
ocasión para verlo, sin las limitaciones de tiempo y<br />
espacio que rigen las escasas visitas permitidas a la<br />
cárcel. Es por eso se lanzan a la aventura. En una parada<br />
de madrugada se suben a un vagón oscuro donde intentan<br />
pasar desapercibidas a la mirada de los soldados que lo<br />
custodian, disimularse entre los otros pasajeros, para<br />
intentar un contacto. El tren al que se suben es también<br />
el de la Historia.</p>

<p>Descripción Con una forma singular ?texto a dos voces, relato de viaje, diario? Un viaje a Salto narra hechos igual de extraordinarios. En los meses previos al golpe de Estado de Uruguay, una niña y su madre viajan para ver a su padre y esposo, preso político por asistir como médico al Movimiento Tupamaro.Tienen el&#8230;</p>
