{"id":23540,"date":"2026-09-03T18:35:14","date_gmt":"2026-09-03T21:35:14","guid":{"rendered":"https:\/\/ventadelibros.com.ar\/?product=theo-de-golden"},"modified":"2026-09-03T18:35:22","modified_gmt":"2026-09-03T21:35:22","slug":"theo-de-golden","status":"publish","type":"product","link":"https:\/\/ventadelibros.com.ar\/?product=theo-de-golden","title":{"rendered":"THEO DE GOLDEN"},"content":{"rendered":"<p>Una ma\u00f1ana de primavera, un hombre desconocido llega a la peque\u00f1a localidad de Golden.<\/p>\n<p>Nadie sabe de d\u00f3nde viene ni por qu\u00e9 est\u00e1 all\u00ed&#8230;<\/p>\n<p>\u00c9l es Theo. Y hace muchas m\u00e1s preguntas de las que responde.<\/p>\n<p>Un d\u00eda entra en una cafeter\u00eda en la que hay colgados noventa y dos retratos de los habitantes de Golden, dibujados por un artista local.<\/p>\n<p>Conmocionado, decide comprarlos todos y entregarlos a cada uno de ellos. Con cada encuentro va tejiendo amistades, y este generoso gesto llena la comunidad de luz.<\/p>\n<p>Theo de Golden es una historia universal que invita al lector a detenerse y mirar con bondad la vida cotidiana, una novela delicada y conmovedora sobre la belleza de los peque\u00f1os actos que cambian el mundo.<\/p>\n","protected":false},"excerpt":{"rendered":"<p>Una ma\u00f1ana de primavera, un hombre desconocido llega a la peque\u00f1a localidad de Golden. Nadie sabe de d\u00f3nde viene ni por qu\u00e9 est\u00e1 all\u00ed&#8230; \u00c9l es Theo. Y hace muchas m\u00e1s preguntas de las que responde. Un d\u00eda entra en una cafeter\u00eda en la que hay colgados noventa y dos retratos de los habitantes de&#8230;<\/p>\n","protected":false},"featured_media":23541,"template":"","meta":{"_acf_changed":false,"_themeisle_gutenberg_block_has_review":false,"_kadence_starter_templates_imported_post":false,"_kad_post_transparent":"","_kad_post_title":"","_kad_post_layout":"","_kad_post_sidebar_id":"","_kad_post_content_style":"","_kad_post_vertical_padding":"","_kad_post_feature":"","_kad_post_feature_position":"","_kad_post_header":false,"_kad_post_footer":false,"_kad_post_classname":""},"product_brand":[],"product_cat":[15],"product_tag":[7892,7868],"class_list":["post-23540","product","type-product","status-publish","has-post-thumbnail","product_cat-new-features","product_tag-ficcion","product_tag-novela","pa_autor-levi-allen","pa_editorial-grijalbo","pa_idioma-espanol","first","instock","purchasable","product-type-simple","entry","content-bg","loop-entry"],"acf":[],"_links":{"self":[{"href":"https:\/\/ventadelibros.com.ar\/index.php?rest_route=\/wp\/v2\/product\/23540","targetHints":{"allow":["GET"]}}],"collection":[{"href":"https:\/\/ventadelibros.com.ar\/index.php?rest_route=\/wp\/v2\/product"}],"about":[{"href":"https:\/\/ventadelibros.com.ar\/index.php?rest_route=\/wp\/v2\/types\/product"}],"wp:featuredmedia":[{"embeddable":true,"href":"https:\/\/ventadelibros.com.ar\/index.php?rest_route=\/wp\/v2\/media\/23541"}],"wp:attachment":[{"href":"https:\/\/ventadelibros.com.ar\/index.php?rest_route=%2Fwp%2Fv2%2Fmedia&parent=23540"}],"wp:term":[{"taxonomy":"product_brand","embeddable":true,"href":"https:\/\/ventadelibros.com.ar\/index.php?rest_route=%2Fwp%2Fv2%2Fproduct_brand&post=23540"},{"taxonomy":"product_cat","embeddable":true,"href":"https:\/\/ventadelibros.com.ar\/index.php?rest_route=%2Fwp%2Fv2%2Fproduct_cat&post=23540"},{"taxonomy":"product_tag","embeddable":true,"href":"https:\/\/ventadelibros.com.ar\/index.php?rest_route=%2Fwp%2Fv2%2Fproduct_tag&post=23540"}],"curies":[{"name":"wp","href":"https:\/\/api.w.org\/{rel}","templated":true}]}}

<p>Una mañana de primavera, un hombre desconocido llega a la pequeña localidad de Golden.</p>
<p>Nadie sabe de dónde viene ni por qué está allí&#8230;</p>
<p>Él es Theo. Y hace muchas más preguntas de las que responde.</p>
<p>Un día entra en una cafetería en la que hay colgados noventa y dos retratos de los habitantes de Golden, dibujados por un artista local.</p>
<p>Conmocionado, decide comprarlos todos y entregarlos a cada uno de ellos. Con cada encuentro va tejiendo amistades, y este generoso gesto llena la comunidad de luz.</p>
<p>Theo de Golden es una historia universal que invita al lector a detenerse y mirar con bondad la vida cotidiana, una novela delicada y conmovedora sobre la belleza de los pequeños actos que cambian el mundo.</p>

<p>Una mañana de primavera, un hombre desconocido llega a la pequeña localidad de Golden. Nadie sabe de dónde viene ni por qué está allí&#8230; Él es Theo. Y hace muchas más preguntas de las que responde. Un día entra en una cafetería en la que hay colgados noventa y dos retratos de los habitantes de&#8230;</p>
