{"id":23536,"date":"2026-09-03T18:34:25","date_gmt":"2026-09-03T21:34:25","guid":{"rendered":"https:\/\/ventadelibros.com.ar\/?product=tambor-de-lagrimas-el"},"modified":"2026-09-03T18:34:30","modified_gmt":"2026-09-03T21:34:30","slug":"tambor-de-lagrimas-el","status":"publish","type":"product","link":"https:\/\/ventadelibros.com.ar\/?product=tambor-de-lagrimas-el","title":{"rendered":"TAMBOR DE LAGRIMAS, EL"},"content":{"rendered":"<p>Rayhana viaja durante la noche por las dunas de Mauritania, y no va sola: lleva el rezzam, el tambor del emirato, un instrumento sagrado y s\u00edmbolo de su tribu; ha desafiado a su comunidad, dej\u00e1ndola sin voz, pero intentando obtener la suya propia. En esa b\u00fasqueda personal, es acechada por las tradiciones beduinas y de la gran ciudad. Y por supuesto, en esa traves\u00eda, el lenguaje se transforma a s\u00ed mismo. Este libro es una epopeya contempor\u00e1nea del desierto donde la modernidad y las tradiciones ancestrales chocan. Aqu\u00ed, adem\u00e1s, se pasean distintos personajes que Rayhana encuentra, como luceros, y que ser\u00e1n nuestra gu\u00eda secreta para entender la din\u00e1mica de un pa\u00eds tres cuartas partes propiedad del gran Desierto del Sahara. Esta novela obtuvo el premio Ahmadou-Kourouma y el premio Roman m\u00e9tis des lyc\u00e9ens.<\/p>\n","protected":false},"excerpt":{"rendered":"<p>Rayhana viaja durante la noche por las dunas de Mauritania, y no va sola: lleva el rezzam, el tambor del emirato, un instrumento sagrado y s\u00edmbolo de su tribu; ha desafiado a su comunidad, dej\u00e1ndola sin voz, pero intentando obtener la suya propia. En esa b\u00fasqueda personal, es acechada por las tradiciones beduinas y de&#8230;<\/p>\n","protected":false},"featured_media":23537,"template":"","meta":{"_acf_changed":false,"_themeisle_gutenberg_block_has_review":false,"_kadence_starter_templates_imported_post":false,"_kad_post_transparent":"","_kad_post_title":"","_kad_post_layout":"","_kad_post_sidebar_id":"","_kad_post_content_style":"","_kad_post_vertical_padding":"","_kad_post_feature":"","_kad_post_feature_position":"","_kad_post_header":false,"_kad_post_footer":false,"_kad_post_classname":""},"product_brand":[],"product_cat":[7413,7415],"product_tag":[7897],"class_list":["post-23536","product","type-product","status-publish","has-post-thumbnail","product_cat-ficcion","product_cat-novelas","product_tag-novelas","pa_autor-beyrouk-mbarek-ould","pa_editorial-elefanta-del-sur","pa_idioma-espanol","first","instock","purchasable","product-type-simple","entry","content-bg","loop-entry"],"acf":[],"_links":{"self":[{"href":"https:\/\/ventadelibros.com.ar\/index.php?rest_route=\/wp\/v2\/product\/23536","targetHints":{"allow":["GET"]}}],"collection":[{"href":"https:\/\/ventadelibros.com.ar\/index.php?rest_route=\/wp\/v2\/product"}],"about":[{"href":"https:\/\/ventadelibros.com.ar\/index.php?rest_route=\/wp\/v2\/types\/product"}],"wp:featuredmedia":[{"embeddable":true,"href":"https:\/\/ventadelibros.com.ar\/index.php?rest_route=\/wp\/v2\/media\/23537"}],"wp:attachment":[{"href":"https:\/\/ventadelibros.com.ar\/index.php?rest_route=%2Fwp%2Fv2%2Fmedia&parent=23536"}],"wp:term":[{"taxonomy":"product_brand","embeddable":true,"href":"https:\/\/ventadelibros.com.ar\/index.php?rest_route=%2Fwp%2Fv2%2Fproduct_brand&post=23536"},{"taxonomy":"product_cat","embeddable":true,"href":"https:\/\/ventadelibros.com.ar\/index.php?rest_route=%2Fwp%2Fv2%2Fproduct_cat&post=23536"},{"taxonomy":"product_tag","embeddable":true,"href":"https:\/\/ventadelibros.com.ar\/index.php?rest_route=%2Fwp%2Fv2%2Fproduct_tag&post=23536"}],"curies":[{"name":"wp","href":"https:\/\/api.w.org\/{rel}","templated":true}]}}

<p>Rayhana viaja durante la noche por las dunas de Mauritania, y no va sola: lleva el rezzam, el tambor del emirato, un instrumento sagrado y símbolo de su tribu; ha desafiado a su comunidad, dejándola sin voz, pero intentando obtener la suya propia. En esa búsqueda personal, es acechada por las tradiciones beduinas y de la gran ciudad. Y por supuesto, en esa travesía, el lenguaje se transforma a sí mismo. Este libro es una epopeya contemporánea del desierto donde la modernidad y las tradiciones ancestrales chocan. Aquí, además, se pasean distintos personajes que Rayhana encuentra, como luceros, y que serán nuestra guía secreta para entender la dinámica de un país tres cuartas partes propiedad del gran Desierto del Sahara. Esta novela obtuvo el premio Ahmadou-Kourouma y el premio Roman métis des lycéens.</p>

<p>Rayhana viaja durante la noche por las dunas de Mauritania, y no va sola: lleva el rezzam, el tambor del emirato, un instrumento sagrado y símbolo de su tribu; ha desafiado a su comunidad, dejándola sin voz, pero intentando obtener la suya propia. En esa búsqueda personal, es acechada por las tradiciones beduinas y de&#8230;</p>
