{"id":23478,"date":"2026-09-03T18:23:08","date_gmt":"2026-09-03T21:23:08","guid":{"rendered":"https:\/\/ventadelibros.com.ar\/?product=llanura-y-yo-la"},"modified":"2026-09-03T18:23:10","modified_gmt":"2026-09-03T21:23:10","slug":"llanura-y-yo-la","status":"publish","type":"product","link":"https:\/\/ventadelibros.com.ar\/?product=llanura-y-yo-la","title":{"rendered":"LLANURA Y YO, LA"},"content":{"rendered":"<p>En La llanura y yo el paisaje del humedal de Bah\u00eda Blanca, sobre la costa atl\u00e1ntica argentina, se acerca a la tierra, la llanura y el mar. Esta es una obra todoterreno que se comporta a\u00e9rea y panor\u00e1micamente, como una parvada, pero tambi\u00e9n, de la mano de los \u00f1and\u00faes -esas aves que no pueden volar, end\u00e9micas del cono sur-, de manera terrestre. Aqu\u00ed tambi\u00e9n hay un homenaje a la observaci\u00f3n y un di\u00e1logo con la ic\u00f3nica Gu\u00eda de las aves argentinas de Tito Narosky. La primera parte de este libro pertenece a la serie que gan\u00f3 la Bienal de Arte Joven en 2022.<\/p>\n","protected":false},"excerpt":{"rendered":"<p>En La llanura y yo el paisaje del humedal de Bah\u00eda Blanca, sobre la costa atl\u00e1ntica argentina, se acerca a la tierra, la llanura y el mar. Esta es una obra todoterreno que se comporta a\u00e9rea y panor\u00e1micamente, como una parvada, pero tambi\u00e9n, de la mano de los \u00f1and\u00faes -esas aves que no pueden volar,&#8230;<\/p>\n","protected":false},"featured_media":23479,"template":"","meta":{"_acf_changed":false,"_themeisle_gutenberg_block_has_review":false,"_kadence_starter_templates_imported_post":false,"_kad_post_transparent":"","_kad_post_title":"","_kad_post_layout":"","_kad_post_sidebar_id":"","_kad_post_content_style":"","_kad_post_vertical_padding":"","_kad_post_feature":"","_kad_post_feature_position":"","_kad_post_header":false,"_kad_post_footer":false,"_kad_post_classname":""},"product_brand":[],"product_cat":[7413,7459],"product_tag":[7899],"class_list":["post-23478","product","type-product","status-publish","has-post-thumbnail","product_cat-ficcion","product_cat-poesia-ficcion","product_tag-poesia","pa_autor-mussio-valeria","pa_editorial-elefanta-del-sur","pa_idioma-espanol","first","instock","purchasable","product-type-simple","entry","content-bg","loop-entry"],"acf":[],"_links":{"self":[{"href":"https:\/\/ventadelibros.com.ar\/index.php?rest_route=\/wp\/v2\/product\/23478","targetHints":{"allow":["GET"]}}],"collection":[{"href":"https:\/\/ventadelibros.com.ar\/index.php?rest_route=\/wp\/v2\/product"}],"about":[{"href":"https:\/\/ventadelibros.com.ar\/index.php?rest_route=\/wp\/v2\/types\/product"}],"wp:featuredmedia":[{"embeddable":true,"href":"https:\/\/ventadelibros.com.ar\/index.php?rest_route=\/wp\/v2\/media\/23479"}],"wp:attachment":[{"href":"https:\/\/ventadelibros.com.ar\/index.php?rest_route=%2Fwp%2Fv2%2Fmedia&parent=23478"}],"wp:term":[{"taxonomy":"product_brand","embeddable":true,"href":"https:\/\/ventadelibros.com.ar\/index.php?rest_route=%2Fwp%2Fv2%2Fproduct_brand&post=23478"},{"taxonomy":"product_cat","embeddable":true,"href":"https:\/\/ventadelibros.com.ar\/index.php?rest_route=%2Fwp%2Fv2%2Fproduct_cat&post=23478"},{"taxonomy":"product_tag","embeddable":true,"href":"https:\/\/ventadelibros.com.ar\/index.php?rest_route=%2Fwp%2Fv2%2Fproduct_tag&post=23478"}],"curies":[{"name":"wp","href":"https:\/\/api.w.org\/{rel}","templated":true}]}}

<p>En La llanura y yo el paisaje del humedal de Bahía Blanca, sobre la costa atlántica argentina, se acerca a la tierra, la llanura y el mar. Esta es una obra todoterreno que se comporta aérea y panorámicamente, como una parvada, pero también, de la mano de los ñandúes -esas aves que no pueden volar, endémicas del cono sur-, de manera terrestre. Aquí también hay un homenaje a la observación y un diálogo con la icónica Guía de las aves argentinas de Tito Narosky. La primera parte de este libro pertenece a la serie que ganó la Bienal de Arte Joven en 2022.</p>

<p>En La llanura y yo el paisaje del humedal de Bahía Blanca, sobre la costa atlántica argentina, se acerca a la tierra, la llanura y el mar. Esta es una obra todoterreno que se comporta aérea y panorámicamente, como una parvada, pero también, de la mano de los ñandúes -esas aves que no pueden volar,&#8230;</p>
