{"id":23416,"date":"2026-09-03T18:15:49","date_gmt":"2026-09-03T21:15:49","guid":{"rendered":"https:\/\/ventadelibros.com.ar\/?product=editar-guerra-y-paz"},"modified":"2026-09-03T18:15:52","modified_gmt":"2026-09-03T21:15:52","slug":"editar-guerra-y-paz","status":"publish","type":"product","link":"https:\/\/ventadelibros.com.ar\/?product=editar-guerra-y-paz","title":{"rendered":"EDITAR GUERRA Y PAZ"},"content":{"rendered":"<p>En este ensayo Muchnik rememora su deseo y ambici\u00f3n: publicar una de las obras cl\u00e1sicas m\u00e1s reconocidas -y vastas- de la literatura; un recorrido personal que va desde el primer encuentro con la novela en la ni\u00f1ez hasta el d\u00eda en que env\u00eda su propia edici\u00f3n a imprenta, d\u00e9cadas despu\u00e9s, pasando por todas las pericias de los procesos editoriales. \u00bfQu\u00e9 tiene que pasar para que un cl\u00e1sico se revise, edite y mejore? \u00bfCu\u00e1ntas manos invisibles hay detr\u00e1s del libro legendario que descansa en una biblioteca? En este texto aparecen todas las aristas del mundo editorial: desde la vocaci\u00f3n y los amigos hasta la pasi\u00f3n por el lenguaje que desborda un editor cuyo carisma y ojo cr\u00edtico se expanden m\u00e1s all\u00e1 de la mesa de trabajo. Leer uno de los libros m\u00e1s largos que se han escrito es una decisi\u00f3n importante en la vida. Editarlo -y divertirse en el proceso- es un proyecto que solo las mentes m\u00e1s osadas son capaces de imaginar. Este es un homenaje a la literatura como trabajo colectivo, y tambi\u00e9n una invitaci\u00f3n a descubrir las ense\u00f1anzas de un editor radical, fascinante e inenarrable. <\/p>\n<p>Edad recomendada: Adultos.<\/p>\n","protected":false},"excerpt":{"rendered":"<p>En este ensayo Muchnik rememora su deseo y ambici\u00f3n: publicar una de las obras cl\u00e1sicas m\u00e1s reconocidas -y vastas- de la literatura; un recorrido personal que va desde el primer encuentro con la novela en la ni\u00f1ez hasta el d\u00eda en que env\u00eda su propia edici\u00f3n a imprenta, d\u00e9cadas despu\u00e9s, pasando por todas las pericias&#8230;<\/p>\n","protected":false},"featured_media":23417,"template":"","meta":{"_acf_changed":false,"_themeisle_gutenberg_block_has_review":false,"_kadence_starter_templates_imported_post":false,"_kad_post_transparent":"","_kad_post_title":"","_kad_post_layout":"","_kad_post_sidebar_id":"","_kad_post_content_style":"","_kad_post_vertical_padding":"","_kad_post_feature":"","_kad_post_feature_position":"","_kad_post_header":false,"_kad_post_footer":false,"_kad_post_classname":""},"product_brand":[],"product_cat":[7411,7395],"product_tag":[7976],"class_list":["post-23416","product","type-product","status-publish","has-post-thumbnail","product_cat-biografias-y-memorias","product_cat-no-ficcion","product_tag-biografias-y-memorias","pa_autor-muchnik-mario","pa_idioma-espanol","first","instock","purchasable","product-type-simple","entry","content-bg","loop-entry"],"acf":[],"_links":{"self":[{"href":"https:\/\/ventadelibros.com.ar\/index.php?rest_route=\/wp\/v2\/product\/23416","targetHints":{"allow":["GET"]}}],"collection":[{"href":"https:\/\/ventadelibros.com.ar\/index.php?rest_route=\/wp\/v2\/product"}],"about":[{"href":"https:\/\/ventadelibros.com.ar\/index.php?rest_route=\/wp\/v2\/types\/product"}],"wp:featuredmedia":[{"embeddable":true,"href":"https:\/\/ventadelibros.com.ar\/index.php?rest_route=\/wp\/v2\/media\/23417"}],"wp:attachment":[{"href":"https:\/\/ventadelibros.com.ar\/index.php?rest_route=%2Fwp%2Fv2%2Fmedia&parent=23416"}],"wp:term":[{"taxonomy":"product_brand","embeddable":true,"href":"https:\/\/ventadelibros.com.ar\/index.php?rest_route=%2Fwp%2Fv2%2Fproduct_brand&post=23416"},{"taxonomy":"product_cat","embeddable":true,"href":"https:\/\/ventadelibros.com.ar\/index.php?rest_route=%2Fwp%2Fv2%2Fproduct_cat&post=23416"},{"taxonomy":"product_tag","embeddable":true,"href":"https:\/\/ventadelibros.com.ar\/index.php?rest_route=%2Fwp%2Fv2%2Fproduct_tag&post=23416"}],"curies":[{"name":"wp","href":"https:\/\/api.w.org\/{rel}","templated":true}]}}

<p>En este ensayo Muchnik rememora su deseo y ambición: publicar una de las obras clásicas más reconocidas -y vastas- de la literatura; un recorrido personal que va desde el primer encuentro con la novela en la niñez hasta el día en que envía su propia edición a imprenta, décadas después, pasando por todas las pericias de los procesos editoriales. ¿Qué tiene que pasar para que un clásico se revise, edite y mejore? ¿Cuántas manos invisibles hay detrás del libro legendario que descansa en una biblioteca? En este texto aparecen todas las aristas del mundo editorial: desde la vocación y los amigos hasta la pasión por el lenguaje que desborda un editor cuyo carisma y ojo crítico se expanden más allá de la mesa de trabajo. Leer uno de los libros más largos que se han escrito es una decisión importante en la vida. Editarlo -y divertirse en el proceso- es un proyecto que solo las mentes más osadas son capaces de imaginar. Este es un homenaje a la literatura como trabajo colectivo, y también una invitación a descubrir las enseñanzas de un editor radical, fascinante e inenarrable. </p>
<p>Edad recomendada: Adultos.</p>

<p>En este ensayo Muchnik rememora su deseo y ambición: publicar una de las obras clásicas más reconocidas -y vastas- de la literatura; un recorrido personal que va desde el primer encuentro con la novela en la niñez hasta el día en que envía su propia edición a imprenta, décadas después, pasando por todas las pericias&#8230;</p>
