{"id":23414,"date":"2026-09-03T18:15:24","date_gmt":"2026-09-03T21:15:24","guid":{"rendered":"https:\/\/ventadelibros.com.ar\/?product=donde-viven-las-formas-td"},"modified":"2026-09-03T18:15:33","modified_gmt":"2026-09-03T21:15:33","slug":"donde-viven-las-formas-td","status":"publish","type":"product","link":"https:\/\/ventadelibros.com.ar\/?product=donde-viven-las-formas-td","title":{"rendered":"DONDE VIVEN LAS FORMAS (TD)"},"content":{"rendered":"<p>TAPA DURA<\/p>\n<p>\u00bfQu\u00e9 forma tiene el viento? \u00bfY el silencio? \u00bfD\u00f3nde vive un recuerdo? \u00bfC\u00f3mo es la forma de una duda? En Donde viven las formas, Angelina Montero invita a mirar el mundo desde un lugar donde la imaginaci\u00f3n y la poes\u00eda transforman lo cotidiano. Porque no todas las formas se dejan atrapar por los ojos: est\u00e1n en la lluvia que dibuja l\u00edneas en el aire, en un secreto escondido en un bolsillo, en la alegr\u00eda que salta en la panza o en las historias que encuentran un lugar donde quedarse. Este libro propone un recorrido por aquello que es invisible, pero profundamente reconocible. Cada p\u00e1gina abre una puerta a la contemplaci\u00f3n y al asombro, invitando a lectores de todas las edades a descubrir que las emociones, los recuerdos y las palabras tambi\u00e9n tienen una forma. Lejos de nombrar el mundo para explicarlo, lo expande. Las im\u00e1genes dialogan con el texto para abrir nuevos sentidos y dejar espacio a la interpretaci\u00f3n, al juego y a la conversaci\u00f3n compartida. M\u00e1s que ofrecer respuestas, despierta preguntas e invita a detenerse, observar y volver a mirar. En tiempos donde todo parece reclamar inmediatez, Donde viven las formas propone otro ritmo: el de la lectura pausada, la imaginaci\u00f3n y la experiencia sensible. Un libro para leer una y otra vez, porque en cada lectura aparecen nuevas formas que antes estaban escondidas.<\/p>\n","protected":false},"excerpt":{"rendered":"<p>TAPA DURA \u00bfQu\u00e9 forma tiene el viento? \u00bfY el silencio? \u00bfD\u00f3nde vive un recuerdo? \u00bfC\u00f3mo es la forma de una duda? En Donde viven las formas, Angelina Montero invita a mirar el mundo desde un lugar donde la imaginaci\u00f3n y la poes\u00eda transforman lo cotidiano. Porque no todas las formas se dejan atrapar por los&#8230;<\/p>\n","protected":false},"featured_media":23415,"template":"","meta":{"_acf_changed":false,"_themeisle_gutenberg_block_has_review":false,"_kadence_starter_templates_imported_post":false,"_kad_post_transparent":"","_kad_post_title":"","_kad_post_layout":"","_kad_post_sidebar_id":"","_kad_post_content_style":"","_kad_post_vertical_padding":"","_kad_post_feature":"","_kad_post_feature_position":"","_kad_post_header":false,"_kad_post_footer":false,"_kad_post_classname":""},"product_brand":[],"product_cat":[7867,7399],"product_tag":[8135],"class_list":["post-23414","product","type-product","status-publish","has-post-thumbnail","product_cat-cuentos-infantiles","product_cat-infantil","product_tag-cuento-infantil","pa_autor-montero-angelina","pa_editorial-periplo-ediciones","pa_idioma-espanol","first","instock","purchasable","product-type-simple","entry","content-bg","loop-entry"],"acf":[],"_links":{"self":[{"href":"https:\/\/ventadelibros.com.ar\/index.php?rest_route=\/wp\/v2\/product\/23414","targetHints":{"allow":["GET"]}}],"collection":[{"href":"https:\/\/ventadelibros.com.ar\/index.php?rest_route=\/wp\/v2\/product"}],"about":[{"href":"https:\/\/ventadelibros.com.ar\/index.php?rest_route=\/wp\/v2\/types\/product"}],"wp:featuredmedia":[{"embeddable":true,"href":"https:\/\/ventadelibros.com.ar\/index.php?rest_route=\/wp\/v2\/media\/23415"}],"wp:attachment":[{"href":"https:\/\/ventadelibros.com.ar\/index.php?rest_route=%2Fwp%2Fv2%2Fmedia&parent=23414"}],"wp:term":[{"taxonomy":"product_brand","embeddable":true,"href":"https:\/\/ventadelibros.com.ar\/index.php?rest_route=%2Fwp%2Fv2%2Fproduct_brand&post=23414"},{"taxonomy":"product_cat","embeddable":true,"href":"https:\/\/ventadelibros.com.ar\/index.php?rest_route=%2Fwp%2Fv2%2Fproduct_cat&post=23414"},{"taxonomy":"product_tag","embeddable":true,"href":"https:\/\/ventadelibros.com.ar\/index.php?rest_route=%2Fwp%2Fv2%2Fproduct_tag&post=23414"}],"curies":[{"name":"wp","href":"https:\/\/api.w.org\/{rel}","templated":true}]}}

<p>TAPA DURA</p>
<p>¿Qué forma tiene el viento? ¿Y el silencio? ¿Dónde vive un recuerdo? ¿Cómo es la forma de una duda? En Donde viven las formas, Angelina Montero invita a mirar el mundo desde un lugar donde la imaginación y la poesía transforman lo cotidiano. Porque no todas las formas se dejan atrapar por los ojos: están en la lluvia que dibuja líneas en el aire, en un secreto escondido en un bolsillo, en la alegría que salta en la panza o en las historias que encuentran un lugar donde quedarse. Este libro propone un recorrido por aquello que es invisible, pero profundamente reconocible. Cada página abre una puerta a la contemplación y al asombro, invitando a lectores de todas las edades a descubrir que las emociones, los recuerdos y las palabras también tienen una forma. Lejos de nombrar el mundo para explicarlo, lo expande. Las imágenes dialogan con el texto para abrir nuevos sentidos y dejar espacio a la interpretación, al juego y a la conversación compartida. Más que ofrecer respuestas, despierta preguntas e invita a detenerse, observar y volver a mirar. En tiempos donde todo parece reclamar inmediatez, Donde viven las formas propone otro ritmo: el de la lectura pausada, la imaginación y la experiencia sensible. Un libro para leer una y otra vez, porque en cada lectura aparecen nuevas formas que antes estaban escondidas.</p>

<p>TAPA DURA ¿Qué forma tiene el viento? ¿Y el silencio? ¿Dónde vive un recuerdo? ¿Cómo es la forma de una duda? En Donde viven las formas, Angelina Montero invita a mirar el mundo desde un lugar donde la imaginación y la poesía transforman lo cotidiano. Porque no todas las formas se dejan atrapar por los&#8230;</p>
