{"id":23383,"date":"2026-09-03T18:10:49","date_gmt":"2026-09-03T21:10:49","guid":{"rendered":"https:\/\/ventadelibros.com.ar\/?product=carne-viva-la"},"modified":"2026-09-03T18:10:56","modified_gmt":"2026-09-03T21:10:56","slug":"carne-viva-la","status":"publish","type":"product","link":"https:\/\/ventadelibros.com.ar\/?product=carne-viva-la","title":{"rendered":"CARNE VIVA, LA"},"content":{"rendered":"<p>La carne viva es un ensayo en el que Pablo Maurette explora el cuerpo como el punto de encuentro entre la experiencia sensible, la filosof\u00eda, la literatura y la ciencia. El autor reflexiona sobre la carne no solo como materia biol\u00f3gica, sino como aquello que nos permite sentir, desear, sufrir y relacionarnos con el mundo. El libro entrelaza referencias que van desde los cl\u00e1sicos hasta el pensamiento contempor\u00e1neo para cuestionar la tradicional separaci\u00f3n entre cuerpo y mente, proponiendo una mirada en la que la corporeidad constituye el fundamento mismo de la existencia humana y de nuestra forma de conocer la realidad.<\/p>\n","protected":false},"excerpt":{"rendered":"<p>La carne viva es un ensayo en el que Pablo Maurette explora el cuerpo como el punto de encuentro entre la experiencia sensible, la filosof\u00eda, la literatura y la ciencia. El autor reflexiona sobre la carne no solo como materia biol\u00f3gica, sino como aquello que nos permite sentir, desear, sufrir y relacionarnos con el mundo&#8230;.<\/p>\n","protected":false},"featured_media":23384,"template":"","meta":{"_acf_changed":false,"_themeisle_gutenberg_block_has_review":false,"_kadence_starter_templates_imported_post":false,"_kad_post_transparent":"","_kad_post_title":"","_kad_post_layout":"","_kad_post_sidebar_id":"","_kad_post_content_style":"","_kad_post_vertical_padding":"","_kad_post_feature":"","_kad_post_feature_position":"","_kad_post_header":false,"_kad_post_footer":false,"_kad_post_classname":""},"product_brand":[],"product_cat":[7411,7395],"product_tag":[7976],"class_list":["post-23383","product","type-product","status-publish","has-post-thumbnail","product_cat-biografias-y-memorias","product_cat-no-ficcion","product_tag-biografias-y-memorias","pa_autor-maurette-pablo","pa_editorial-parip-books-argentina","pa_idioma-espanol","first","instock","purchasable","product-type-simple","entry","content-bg","loop-entry"],"acf":[],"_links":{"self":[{"href":"https:\/\/ventadelibros.com.ar\/index.php?rest_route=\/wp\/v2\/product\/23383","targetHints":{"allow":["GET"]}}],"collection":[{"href":"https:\/\/ventadelibros.com.ar\/index.php?rest_route=\/wp\/v2\/product"}],"about":[{"href":"https:\/\/ventadelibros.com.ar\/index.php?rest_route=\/wp\/v2\/types\/product"}],"wp:featuredmedia":[{"embeddable":true,"href":"https:\/\/ventadelibros.com.ar\/index.php?rest_route=\/wp\/v2\/media\/23384"}],"wp:attachment":[{"href":"https:\/\/ventadelibros.com.ar\/index.php?rest_route=%2Fwp%2Fv2%2Fmedia&parent=23383"}],"wp:term":[{"taxonomy":"product_brand","embeddable":true,"href":"https:\/\/ventadelibros.com.ar\/index.php?rest_route=%2Fwp%2Fv2%2Fproduct_brand&post=23383"},{"taxonomy":"product_cat","embeddable":true,"href":"https:\/\/ventadelibros.com.ar\/index.php?rest_route=%2Fwp%2Fv2%2Fproduct_cat&post=23383"},{"taxonomy":"product_tag","embeddable":true,"href":"https:\/\/ventadelibros.com.ar\/index.php?rest_route=%2Fwp%2Fv2%2Fproduct_tag&post=23383"}],"curies":[{"name":"wp","href":"https:\/\/api.w.org\/{rel}","templated":true}]}}

<p>La carne viva es un ensayo en el que Pablo Maurette explora el cuerpo como el punto de encuentro entre la experiencia sensible, la filosofía, la literatura y la ciencia. El autor reflexiona sobre la carne no solo como materia biológica, sino como aquello que nos permite sentir, desear, sufrir y relacionarnos con el mundo. El libro entrelaza referencias que van desde los clásicos hasta el pensamiento contemporáneo para cuestionar la tradicional separación entre cuerpo y mente, proponiendo una mirada en la que la corporeidad constituye el fundamento mismo de la existencia humana y de nuestra forma de conocer la realidad.</p>

<p>La carne viva es un ensayo en el que Pablo Maurette explora el cuerpo como el punto de encuentro entre la experiencia sensible, la filosofía, la literatura y la ciencia. El autor reflexiona sobre la carne no solo como materia biológica, sino como aquello que nos permite sentir, desear, sufrir y relacionarnos con el mundo&#8230;.</p>
