{"id":23369,"date":"2026-09-03T18:08:41","date_gmt":"2026-09-03T21:08:41","guid":{"rendered":"https:\/\/ventadelibros.com.ar\/?product=atrapa-a-ese-yeti"},"modified":"2026-09-03T18:08:50","modified_gmt":"2026-09-03T21:08:50","slug":"atrapa-a-ese-yeti","status":"publish","type":"product","link":"https:\/\/ventadelibros.com.ar\/?product=atrapa-a-ese-yeti","title":{"rendered":"ATRAPA A ESE YETI!"},"content":{"rendered":"<p>\u00bfVes este paquete? \u00a1No lo abras!<br \/>\nAunque se mueva un poco y lo oigas gru\u00f1ir.<br \/>\nTe lo digo muy en serio: NO-LO-A-BRAS.<\/p>\n<p>En Aburrilandia nunca pasa NADA.<\/p>\n<p>Hasta que Nemo recibe un paquete misterioso que de pronto empieza a temblar y a lanzar chispas&#8230; hasta que EXPLOTA.<\/p>\n<p>De dentro sale algo BLANCO y PELUDO que se pone a mordisquearlo todo.<\/p>\n<p>Por suerte, Nemo cuenta con la ayuda de sus amigos. Porque una cosa est\u00e1 clara: no ser\u00e1 nada f\u00e1cil atrapar a ese YETI.<\/p>\n<p>La serie ideal para primeros lectores:<\/p>\n<p>* Poco texto + un universo muy ilustrado y lleno de color = lectura sin frustraci\u00f3n.<\/p>\n<p>* Mucho humor, acci\u00f3n y sorpresas.<\/p>\n<p>* Un monstruo nuevo en cada libro&#8230; \u00bflograr\u00e1n atraparlo?<\/p>\n<p>* Con actividades para las mentes m\u00e1s curiosas.<\/p>\n","protected":false},"excerpt":{"rendered":"<p>\u00bfVes este paquete? \u00a1No lo abras! Aunque se mueva un poco y lo oigas gru\u00f1ir. Te lo digo muy en serio: NO-LO-A-BRAS. En Aburrilandia nunca pasa NADA. Hasta que Nemo recibe un paquete misterioso que de pronto empieza a temblar y a lanzar chispas&#8230; hasta que EXPLOTA. De dentro sale algo BLANCO y PELUDO que&#8230;<\/p>\n","protected":false},"featured_media":23370,"template":"","meta":{"_acf_changed":false,"_themeisle_gutenberg_block_has_review":false,"_kadence_starter_templates_imported_post":false,"_kad_post_transparent":"","_kad_post_title":"","_kad_post_layout":"","_kad_post_sidebar_id":"","_kad_post_content_style":"","_kad_post_vertical_padding":"","_kad_post_feature":"","_kad_post_feature_position":"","_kad_post_header":false,"_kad_post_footer":false,"_kad_post_classname":""},"product_brand":[],"product_cat":[7399,7402],"product_tag":[7865],"class_list":["post-23369","product","type-product","status-publish","has-post-thumbnail","product_cat-infantil","product_cat-infantil-infantil","product_tag-infantil","pa_autor-habersack-charlotte","pa_editorial-molino","pa_idioma-espanol","first","instock","purchasable","product-type-simple","entry","content-bg","loop-entry"],"acf":[],"_links":{"self":[{"href":"https:\/\/ventadelibros.com.ar\/index.php?rest_route=\/wp\/v2\/product\/23369","targetHints":{"allow":["GET"]}}],"collection":[{"href":"https:\/\/ventadelibros.com.ar\/index.php?rest_route=\/wp\/v2\/product"}],"about":[{"href":"https:\/\/ventadelibros.com.ar\/index.php?rest_route=\/wp\/v2\/types\/product"}],"wp:featuredmedia":[{"embeddable":true,"href":"https:\/\/ventadelibros.com.ar\/index.php?rest_route=\/wp\/v2\/media\/23370"}],"wp:attachment":[{"href":"https:\/\/ventadelibros.com.ar\/index.php?rest_route=%2Fwp%2Fv2%2Fmedia&parent=23369"}],"wp:term":[{"taxonomy":"product_brand","embeddable":true,"href":"https:\/\/ventadelibros.com.ar\/index.php?rest_route=%2Fwp%2Fv2%2Fproduct_brand&post=23369"},{"taxonomy":"product_cat","embeddable":true,"href":"https:\/\/ventadelibros.com.ar\/index.php?rest_route=%2Fwp%2Fv2%2Fproduct_cat&post=23369"},{"taxonomy":"product_tag","embeddable":true,"href":"https:\/\/ventadelibros.com.ar\/index.php?rest_route=%2Fwp%2Fv2%2Fproduct_tag&post=23369"}],"curies":[{"name":"wp","href":"https:\/\/api.w.org\/{rel}","templated":true}]}}

<p>¿Ves este paquete? ¡No lo abras!<br />
Aunque se mueva un poco y lo oigas gruñir.<br />
Te lo digo muy en serio: NO-LO-A-BRAS.</p>
<p>En Aburrilandia nunca pasa NADA.</p>
<p>Hasta que Nemo recibe un paquete misterioso que de pronto empieza a temblar y a lanzar chispas&#8230; hasta que EXPLOTA.</p>
<p>De dentro sale algo BLANCO y PELUDO que se pone a mordisquearlo todo.</p>
<p>Por suerte, Nemo cuenta con la ayuda de sus amigos. Porque una cosa está clara: no será nada fácil atrapar a ese YETI.</p>
<p>La serie ideal para primeros lectores:</p>
<p>* Poco texto + un universo muy ilustrado y lleno de color = lectura sin frustración.</p>
<p>* Mucho humor, acción y sorpresas.</p>
<p>* Un monstruo nuevo en cada libro&#8230; ¿lograrán atraparlo?</p>
<p>* Con actividades para las mentes más curiosas.</p>

<p>¿Ves este paquete? ¡No lo abras! Aunque se mueva un poco y lo oigas gruñir. Te lo digo muy en serio: NO-LO-A-BRAS. En Aburrilandia nunca pasa NADA. Hasta que Nemo recibe un paquete misterioso que de pronto empieza a temblar y a lanzar chispas&#8230; hasta que EXPLOTA. De dentro sale algo BLANCO y PELUDO que&#8230;</p>
