{"id":23367,"date":"2026-09-03T18:07:13","date_gmt":"2026-09-03T21:07:13","guid":{"rendered":"https:\/\/ventadelibros.com.ar\/?product=amendoeiras"},"modified":"2026-09-03T18:07:18","modified_gmt":"2026-09-03T21:07:18","slug":"amendoeiras","status":"publish","type":"product","link":"https:\/\/ventadelibros.com.ar\/?product=amendoeiras","title":{"rendered":"AMENDOEIRAS"},"content":{"rendered":"<p>\u00ab&#8221;Hurgo, escarbo busco aunque algo inaccesible permanezca siempre&#8221; afirma la voz que se lanza hacia esa memoria que la excede y a la vez la constituye. Escenas en destello y una subjetividad signada por su nacimiento durante el exilio materno hacen al testimonio entra\u00f1able de una hija afectada de forma directa por la \u00faltima dictadura c\u00edvico militar: h\u00edbrido poderoso, Amendoeiras se anima a explorar las tensiones entre pasado y presente, R\u00edo y Buenos Aires, un padre por elecci\u00f3n y otro biol\u00f3gico, el amor a la madre y a esa lengua otra que marc\u00f3 la vida. Como hojas de amendoeiras que laten, rojas, en el recuerdo, este libro conmovedor permite vislumbrar algo de las heridas \u00edntimas que nos conforman. Ah\u00ed su potencia luminosa en estos tiempos de negaci\u00f3n, a cincuenta a\u00f1os del horror\u00bb. -Andi Nachon En un viaje a R\u00edo de Janeiro una hija busca huellas de su historia familiar: el exilio de su madre, a fines de los setenta, su propio nacimiento y el fantasma de un padre ausente. &#8220;\u00bfDe qu\u00e9 se enamor\u00f3 mi mam\u00e1? \u00bfSeremos parecidos? \u00bfPor qu\u00e9 no quiso ser mi pap\u00e1?&#8221;, se pregunta la narradora, mientras persigue amendoeiras color ocre por las calles. Con una escritura sensorial y punzante, que se mueve con delicadezapero escarba hondo y est\u00e1 regada de im\u00e1genes que revelan la mirada de fot\u00f3grafa de la autora, este libro de Luciana Rabinovich se inscribe, con peso propio, en la tradici\u00f3n de los relatos de hijos del exilio, que ya ocupan todo un estante de la literatura argentina. <\/p>\n<p>Edad recomendada: Adultos.<\/p>\n","protected":false},"excerpt":{"rendered":"<p>\u00ab&#8221;Hurgo, escarbo busco aunque algo inaccesible permanezca siempre&#8221; afirma la voz que se lanza hacia esa memoria que la excede y a la vez la constituye. Escenas en destello y una subjetividad signada por su nacimiento durante el exilio materno hacen al testimonio entra\u00f1able de una hija afectada de forma directa por la \u00faltima dictadura&#8230;<\/p>\n","protected":false},"featured_media":23368,"template":"","meta":{"_acf_changed":false,"_themeisle_gutenberg_block_has_review":false,"_kadence_starter_templates_imported_post":false,"_kad_post_transparent":"","_kad_post_title":"","_kad_post_layout":"","_kad_post_sidebar_id":"","_kad_post_content_style":"","_kad_post_vertical_padding":"","_kad_post_feature":"","_kad_post_feature_position":"","_kad_post_header":false,"_kad_post_footer":false,"_kad_post_classname":""},"product_brand":[],"product_cat":[7411,7395],"product_tag":[7976],"class_list":["post-23367","product","type-product","status-publish","has-post-thumbnail","product_cat-biografias-y-memorias","product_cat-no-ficcion","product_tag-biografias-y-memorias","pa_autor-rabinovich-luciana","pa_editorial-vinilo-editora","pa_idioma-espanol","first","instock","purchasable","product-type-simple","entry","content-bg","loop-entry"],"acf":[],"_links":{"self":[{"href":"https:\/\/ventadelibros.com.ar\/index.php?rest_route=\/wp\/v2\/product\/23367","targetHints":{"allow":["GET"]}}],"collection":[{"href":"https:\/\/ventadelibros.com.ar\/index.php?rest_route=\/wp\/v2\/product"}],"about":[{"href":"https:\/\/ventadelibros.com.ar\/index.php?rest_route=\/wp\/v2\/types\/product"}],"wp:featuredmedia":[{"embeddable":true,"href":"https:\/\/ventadelibros.com.ar\/index.php?rest_route=\/wp\/v2\/media\/23368"}],"wp:attachment":[{"href":"https:\/\/ventadelibros.com.ar\/index.php?rest_route=%2Fwp%2Fv2%2Fmedia&parent=23367"}],"wp:term":[{"taxonomy":"product_brand","embeddable":true,"href":"https:\/\/ventadelibros.com.ar\/index.php?rest_route=%2Fwp%2Fv2%2Fproduct_brand&post=23367"},{"taxonomy":"product_cat","embeddable":true,"href":"https:\/\/ventadelibros.com.ar\/index.php?rest_route=%2Fwp%2Fv2%2Fproduct_cat&post=23367"},{"taxonomy":"product_tag","embeddable":true,"href":"https:\/\/ventadelibros.com.ar\/index.php?rest_route=%2Fwp%2Fv2%2Fproduct_tag&post=23367"}],"curies":[{"name":"wp","href":"https:\/\/api.w.org\/{rel}","templated":true}]}}

<p>«&#8221;Hurgo, escarbo busco aunque algo inaccesible permanezca siempre&#8221; afirma la voz que se lanza hacia esa memoria que la excede y a la vez la constituye. Escenas en destello y una subjetividad signada por su nacimiento durante el exilio materno hacen al testimonio entrañable de una hija afectada de forma directa por la última dictadura cívico militar: híbrido poderoso, Amendoeiras se anima a explorar las tensiones entre pasado y presente, Río y Buenos Aires, un padre por elección y otro biológico, el amor a la madre y a esa lengua otra que marcó la vida. Como hojas de amendoeiras que laten, rojas, en el recuerdo, este libro conmovedor permite vislumbrar algo de las heridas íntimas que nos conforman. Ahí su potencia luminosa en estos tiempos de negación, a cincuenta años del horror». -Andi Nachon En un viaje a Río de Janeiro una hija busca huellas de su historia familiar: el exilio de su madre, a fines de los setenta, su propio nacimiento y el fantasma de un padre ausente. &#8220;¿De qué se enamoró mi mamá? ¿Seremos parecidos? ¿Por qué no quiso ser mi papá?&#8221;, se pregunta la narradora, mientras persigue amendoeiras color ocre por las calles. Con una escritura sensorial y punzante, que se mueve con delicadezapero escarba hondo y está regada de imágenes que revelan la mirada de fotógrafa de la autora, este libro de Luciana Rabinovich se inscribe, con peso propio, en la tradición de los relatos de hijos del exilio, que ya ocupan todo un estante de la literatura argentina. </p>
<p>Edad recomendada: Adultos.</p>

<p>«&#8221;Hurgo, escarbo busco aunque algo inaccesible permanezca siempre&#8221; afirma la voz que se lanza hacia esa memoria que la excede y a la vez la constituye. Escenas en destello y una subjetividad signada por su nacimiento durante el exilio materno hacen al testimonio entrañable de una hija afectada de forma directa por la última dictadura&#8230;</p>
